26*z**2 - 433*z + 615. What is b(-18)?
-15
Let s(x) = x**2 - 521*x - 2632. Determine s(-5).
-2
Let d(m) = -4587*m - 32131. What is d(-7)?
-22
Let x(u) = u + 9. Give x(48).
57
Let p(z) = z**2 - 137*z + 543. Give p(4).
11
Let z(q) = 39*q + 316. Calculate z(-9).
-35
Let k(l) = -55*l + 917. What is k(12)?
257
Let p(f) = -f**3 + 10*f**2 + 640*f - 6404. Give p(10).
-4
Let s(i) = 4*i - 41. What is s(2)?
-33
Let z(t) = -3*t**3 - 54*t**2 + t - 1. Give z(-18).
-19
Let o(t) = 1099*t + 8791. What is o(-8)?
-1
Let i(q) = -q**3 - 10*q**2 + 13*q + 15. Give i(-11).
-7
Let u(f) = 2*f**2 - 507*f + 16026. Determine u(37).
5
Let p(r) = 8*r**2 - 79*r + 3. Give p(10).
13
Let s(a) = a**3 - 25*a**2 + 161*a - 151. Calculate s(9).
2
Let o(m) = 2*m**2 + 394*m + 2302. What is o(-6)?
10
Let b(g) = -2*g**2 + 49*g - 264. What is b(21)?
-117
Let s(q) = -2*q**2 + 1899*q + 5709. Determine s(-3).
-6
Let w(b) = -b - 351. Give w(0).
-351
Let l(g) = -g**2 - 39*g - 305. Calculate l(-13).
33
Let m(f) = 2*f**3 - 59*f**2 - 1397*f + 86. Give m(45).
-4
Let w(j) = 15537*j - 139839. Calculate w(9).
-6
Let w(y) = y**3 - 12*y**2 + 14*y - 199. Determine w(13).
152
Let k(t) = 66*t - 2881. Calculate k(44).
23
Let p(h) = -4*h**2 + 186*h - 51. Give p(46).
41
Let a(t) = -3*t**3 + 25*t**2 + 19*t - 9. Calculate a(9).
0
Let p(k) = -14*k - 789. Give p(-56).
-5
Let w(a) = -2067*a + 4133. Calculate w(2).
-1
Let b(c) = c**2 - 3*c + 60. What is b(11)?
148
Let x(j) = -11*j**2 + 4*j - 7. Calculate x(4).
-167
Let l(g) = g**2 + 11*g + 41. What is l(-5)?
11
Let l(r) = -688*r + 17881. Determine l(26).
-7
Let p(u) = 304*u + 595. Determine p(-2).
-13
Let k(u) = 23*u**2 - 21*u + 43. Give k(2).
93
Let y(v) = -353*v + 39528. Calculate y(112).
-8
Let s(p) = -p**3 + 2*p**2 - 157*p + 472. What is s(3)?
-8
Let q(h) = 2021*h - 113182. Calculate q(56).
-6
Let n(l) = -5*l - 292. Calculate n(-31).
-137
Let j(b) = 4*b**3 + 26*b**2 + 97*b + 453. Calculate j(-6).
-57
Let g(f) = -f**3 - 28*f**2 + 65*f + 141. Determine g(-30).
-9
Let s(v) = -v**2 - 192*v - 5737. Calculate s(-37).
-2
Let u(m) = 3*m**2 - 21*m + 590. Calculate u(14).
884
Let j(t) = 3*t**3 + 47*t**2 - 35*t - 326. Give j(-16).
-22
Let b(v) = -7*v**3 + 3*v**2 + 7*v + 4. Give b(-1).
7
Let v(u) = u**3 - 14*u**2 - 6*u + 98. Give v(14).
14
Let w(h) = -5*h**3 + 5*h**2 + 2*h - 6. Determine w(4).
-238
Let v(a) = -a**3 - 16*a**2 - 15*a + 10. What is v(-14)?
-172
Let m(q) = 42*q - 173. Determine m(4).
-5
Let v(x) = 1340*x - 2693. Determine v(2).
-13
Let d(h) = 28*h - 163. Calculate d(4).
-51
Let d(p) = -p**3 - 10*p**2 + 14*p + 3. Give d(-10).
-137
Let q(b) = -180*b + 551. Calculate q(3).
11
Let x(g) = -2*g**3 + 20*g**2 + 3*g - 41. What is x(10)?
-11
Let b(q) = q**2 - 82*q + 462. Give b(6).
6
Let k(v) = 17*v**2 - 65*v - 10. What is k(4)?
2
Let o(s) = -2*s**3 + 54*s**2 - 51*s - 23. What is o(26)?
3
Let s(z) = 6*z**3 + 4*z**2 - z + 4. Determine s(3).
199
Let u(m) = -95*m - 12915. Give u(-136).
5
Let o(j) = 2274*j**2 - 2257*j. Calculate o(1).
17
Let l(t) = -6*t**2 - 433*t - 75. Determine l(-72).
-3
Let h(w) = -w**2 - 6*w + 378. Give h(0).
378
Let c(z) = -z**3 + 45*z**2 + 23*z + 1050. Calculate c(46).
-8
Let b(q) = q**3 + 54*q**2 - 138*q - 1457. What is b(-56)?
-1
Let m(j) = -642*j + 3192. Give m(5).
-18
Let c(h) = 523*h**3 + 29*h + 29. Give c(-1).
-523
Let b(j) = -2*j**3 - 20*j**2 + 29*j + 46. What is b(-11)?
-31
Let g(v) = -v**3 + 4*v**2 + 5*v + 32. Calculate g(0).
32
Let k(s) = s**3 + 25*s**2 + 51*s - 31. Determine k(-23).
-146
Let f(d) = -271*d + 1657. Determine f(6).
31
Let x(u) = 152*u + 1782. Give x(-12).
-42
Let n(l) = 732*l - 3049. Determine n(4).
-121
Let h(u) = -u**3 - 74*u**2 + 24*u + 1779. What is h(-74)?
3
Let q(a) = 25*a**2 + 33*a + 222. Determine q(-6).
924
Let q(v) = 285*v - 859. What is q(3)?
-4
Let v(z) = -z**3 - 2*z**2 - 8*z - 20. What is v(-7)?
281
Let n(d) = -10*d**2 + 11*d - 32. Calculate n(-2).
-94
Let u(w) = 934*w - 14010. Calculate u(15).
0
Let g(o) = 18*o + 496. What is g(-27)?
10
Let g(u) = 132*u - 450. Calculate g(4).
78
Let l(z) = 5*z**3 + 109*z**2 - 538*z + 212. Determine l(-26).
4
Let z(h) = h**2 - 37*h + 307. What is z(24)?
-5
Let j(o) = -o**3 + 26*o**2 + 33*o - 28. Calculate j(27).
134
Let q(h) = -2*h**3 + 181*h**2 - 92*h + 187. Determine q(90).
7
Let s(y) = y**3 - 137*y**2 + 134*y + 266. What is s(136)?
-6
Let j(m) = 23*m - 47. Give j(4).
45
Let c(x) = -2*x**3 + 12*x**2 - 21*x - 1. Give c(6).
-127
Let h(i) = -52*i + 511. Calculate h(9).
43
Let v(u) = -u**3 + 19*u**2 + 456*u + 218. Determine v(33).
20
Let i(f) = 17*f**3 + 8*f**2 + 10*f + 4. Calculate i(-1).
-15
Let a(t) = -7*t + 259. Calculate a(12).
175
Let x(l) = l**3 + 2*l**2 - 24*l - 15. Give x(7).
258
Let f(a) = 23*a + 1670. Give f(-72).
14
Let l(a) = -a**2 - 623*a - 7926. What is l(-13)?
4
Let n(c) = c**3 + 53*c**2 - 106*c - 11. Give n(2).
-3
Let g(w) = -3*w**2 - 8*w + 2754. Calculate g(29).
-1
Let m(p) = -4*p**2 + 31*p + 37. Determine m(0).
37
Let c(w) = w**3 - 23*w**2 - 520*w - 57. Give c(-14).
-29
Let u(i) = i**2 + 56*i + 466. Give u(-46).
6
Let z(u) = -22*u**2 - 486*u - 43. Give z(-22).
1
Let g(w) = 14*w**2 + 58*w - 1. Calculate g(4).
455
Let n(z) = 10*z**2 + 715*z + 711. What is n(-1)?
6
Let u(d) = 9*d**2 - 826*d - 134. What is u(92)?
50
Let v(y) = -y**3 + 4*y**2 + 5*y + 59. What is v(10)?
-491
Let r(q) = q**2 - 32*q - 167. Calculate r(38).
61
Let p(u) = 238*u + 242. Calculate p(-1).
4
Let x(i) = -i**3 - 118*i**2 - i - 124. What is x(-118)?
-6
Let c(h) = h**2 + 5897*h + 58867. Give c(-10).
-3
Let m(s) = s**3 - 6*s**2 - 95*s - 48. Calculate m(13).
-100
Let m(n) = 331*n**3 - n**2 - 5*n - 5. What is m(-1)?
-332
Let q(y) = -3*y**2 - 115*y + 1270. What is q(9)?
-8
Let b(d) = 185*d + 21227. Give b(-115).
-48
Let k(s) = s**3 + 5*s**2 - 48*s + 50. Calculate k(1).
8
Let f(v) = 4*v**2 + 23*v - 59. Give f(-12).
241
Let q(u) = -8*u + 7. Give q(13).
-97
Let f(q) = 3*q**3 - 36*q**2 + 38*q + 19. What is f(10)?
-201
Let o(p) = -p**3 - 8*p**2 - 7*p + 10. Calculate o(-3).
-14
Let m(y) = 154*y + 99. Give m(-1).
-55
Let s(f) = f**3 - 175*f**2 + 215*f - 7132. What is s(174)?
2
Let f(u) = u**3 + 19*u**2 - 117*u + 83. Determine f(-24).
11
Let i(f) = -7*f**2 - 154*f - 37. Give i(-22).
-37
Let j(c) = c**2 + 56*c - 1100. Calculate j(-67).
-363
Let a(f) = -2*f**3 - 3*f**2 + 26*f + 63. Determine a(-4).
39
Let u(d) = 4*d**2 + 41*d + 54. Calculate u(-7).
-37
Let f(u) = 2*u**2 - 33*u + 111. Give f(9).
-24
Let k(c) = c**2 + 6*c - 195. Calculate k(-17).
-8
Let i(v) = -17*v**3 - 12*v**2 - 23*v - 11. What is i(-2)?
123
Let p(l) = -l**2 + 25*l + 4446. What is p(80)?
46
Let m(b) = -19*b**2 - 113*b + 16. What is m(-6)?
10
Let i(d) = d**2 - 13*d - 8683. Determine i(-87).
17
Let l(p) = 5*p**2 + 52*p + 125. Determine l(-9).
62
Let k(b) = 4*b**2 - 74*b + 199. Calculate k(15).
-11
Let i(s) = 42*s + 2524. Determine i(-60).
4
Let h(j) = 38*j + 2544. What is h(-67)?
-2
Let q(k) = -2*k**3 + 31*k**2 - 41*k + 5. Give q(14).
19
Let v(m) = m**3 - 42*m**2 + 84*m + 20. Determine v(40).
180
Let d(h) = h**2 - 15*h + 41. What is d(7)?
-15
Let h(n) = 51*n + 580. Calculate h(-11).
19
Let q(v) = -8*v**2 - 20*v + 9. Calculate q(-4).
-39
Let w(f) = 46*f - 1987. Give w(46).
129
Let h(d) = -d**3 - 6*d**2 + 46*d - 13. Determine h(-7).
-286
Let x(c) = -c**2 - 26*c - 163. Determine x(-11).
2
Let x(p) = 8*p + 325. Determine x(-41).
-3
Let j(x) = 48*x**3 + 3*x**2 - 2*x + 1. Determine j(1).
50
Let l(y) = -222*y**2 + 882*y + 25. Determine l(4).
1
Let u(c) = -c**3 + 17*c**2 + 63*c - 62. Give u(20).
-2
Let c(r) = -r**3 - 110*r**2 - 1387*r + 3614. Determine c(-95).
4
Let w(u) = -5*u**2 - 54*u + 74. Determine w(-12).
2
Let u(r) = -225*r - 6. Calculate u(-1).
219
Let a(s) = s**3 - 77*s**2 + 1210*s - 6. Calculate a(22).
-6
Let w(x) = -2*x**2 + 51*x - 50. Give w(2).
44
Let t(z) = -6*z**3 + z**2 - 29*z - 29. Determine t(-1).
7
Let n(k) = -9*k**2 - 102*k - 175. Determine n(-2).
-7
Let v(o) = -529*o + 3190. Calculate v(6).
16
Let l(q) = 3*q**2 + 272*q - 271. Calculate l(1).
4
Let l(g) = 2*g**2 - 65*g - 24. What is l(33)?
9
Let f(o) = 26*o**3 + 4*o**2 + 9*o + 6. What is f(-1)?
-25
Let i(m) = -m**3 - 17*m**2 + m + 443. What is i(0)?
443
Let p(i) = -5*i - 41. Determine p(-8).
-1
Let k(m) = -2*m**3 + 5*m**2 + 26*m - 7. Determine k(0).
-7
Let c(z) = 4*z**3 - 19*z**